3*p - 36. Calculate the remainder when 58 is divided by u/6*10/(-3).
13
Suppose -5*x - 10 = -2*s - 3*s, 3*x + s - 10 = 0. Let a(y) = 1 - 2 + 2*y + 11*y**x + y**2 + 3*y**2. What is the remainder when a(2) is divided by 16?
15
Let z(m) = m**3 + 9*m**2 - 16*m - 19. Calculate the remainder when z(-8) is divided by 49.
26
Suppose 3*b + 2*i - 108 = 0, -5*i - 53 = 6*b - 7*b. What is the remainder when 63 is divided by b?
25
Calculate the remainder when ((-680)/(-4) - 5) + 9/(-9) is divided by 85.
79
Let g(y) = -y**3 - 2*y**2 + 2*y + 2. Let h = 18 + -13. Suppose h*j - j - 5*r = -21, 0 = j - 4*r + 8. What is the remainder when g(j) is divided by 14?
12
Suppose 0 = 3*j - 4*j - 5*l + 162, -2*j = -5*l - 264. Suppose 89 + j = 7*n. What is the remainder when n is divided by 9?
6
Suppose 0 = 4*o - 4 - 8. Suppose -o = -3*b + 2*i + 7, 2*i = -3*b + 14. What is the remainder when 14 is divided by b?
2
Let r be (-2)/((22/(-12))/11). Let h = r - 6. Let x = 27 + -6. What is the remainder when x is divided by h?
3
Let b = 104 + -53. Let z = -44 + b. Calculate the remainder when 13 is divided by z.
6
Suppose 4*k = -8, -8*u - 4*k = -12*u + 760. What is the remainder when u is divided by 48?
44
Let t be -1*(-25 - 3)/(-1). Let f = t - -35. Calculate the remainder when 20 is divided by f.
6
Let f(s) = s + 7. Let w be f(-4). Let g = w - -6. Suppose 2*l - n - 32 = 0, -4*l + 57 = -5*n - 1. Calculate the remainder when l is divided by g.
8
What is the remainder when 28 is divided by 2 - 6 - (1 + (1 - 21))?
13
Suppose 4*n - 18 = 4*t + 54, 4*n + 4*t - 40 = 0. Let w = -5 + 27. Suppose 4*v + 24 = 4*u, -2*v = -4*u + v + w. What is the remainder when n is divided by u?
2
Suppose 0 = -64*u + 4297 + 9079. Calculate the remainder when u is divided by 103.
3
Suppose 2*a + n = 69, 4*a + 2*n = 5*n + 143. Calculate the remainder when 132 is divided by a.
27
Let j = -178 + 176. Let o be 28/(-3)*(-4 + 7). Calculate the remainder when 32 is divided by (o/10)/(j/5).
4
Let h be (4 + 12)/4*(-1)/2. Calculate the remainder when 266 - 1 - (-4 - h) is divided by 45.
42
Let o(p) = p**2 + p - 6. Calculate the remainder when o(6) is divided by 72/864 - (286/(-24) + -1).
10
Suppose -7*s = -5*s - 358. What is the remainder when s is divided by 61?
57
Let v = -6 + 197. Calculate the remainder when v is divided by 12.
11
Suppose -151 = -9*z + 299. Calculate the remainder when z is divided by 2/(-3) - (-82)/6.
11
Let y = 22 - -161. Suppose 10*t - 117 = y. Calculate the remainder when 87 is divided by t.
27
Suppose 5*p + 0*p - 89 = -d, 0 = 3*p + 4*d - 50. What is the remainder when p is divided by 6 - 4 - (-5 + -3)?
8
Suppose 100 = 5*b - 6*l + 3*l, 0 = 3*b + 2*l - 60. Calculate the remainder when b is divided by 11.
9
Suppose 0 = 27*z - 24*z - 18. Calculate the remainder when 28 is divided by z.
4
Let f(o) = o**2 + 9*o. Let d be f(-4). Calculate the remainder when 13 is divided by (-64)/20*d/8.
5
Let q(r) = -2*r**3 - 14*r**2 + 2*r - 25. Calculate the remainder when q(-8) is divided by 3.
0
Let n(t) = -t**3 - t**2 + 2*t + 1. Let i(x) = 1 - 4*x + 5*x - 2 - 2. Let z be i(0). What is the remainder when n(z) is divided by 8?
5
Suppose 345 = -2*a + 4*a + u, 3*a = 2*u + 521. What is the remainder when a is divided by 29?
28
Suppose -20*s + 109 + 1391 = 0. Calculate the remainder when 220 is divided by s.
70
Let c = -1 - -10. What is the remainder when (7/56 + (-9)/(-120))*65 is divided by c?
4
Suppose -203 = -9*k + 22. Calculate the remainder when 223 is divided by k.
23
Suppose -3*x - 2*x = -10. Let v(g) = g - 4. Let i be v(7). Suppose -53 = x*z - i*z. What is the remainder when z is divided by 18?
17
Let s = 70 - 26. Suppose k + 3*x - s = -0*k, 4*k - 124 = x. What is the remainder when 123 is divided by k?
27
What is the remainder when 103 is divided by 259/21 + 6/(-18)?
7
Calculate the remainder when (652/8)/((-5)/(-10)) - -5 is divided by 9.
6
Suppose 2*d = -8, i - d = 1 + 3. Suppose i = 3*y - 5*y + 30. Let u = 4 - -39. What is the remainder when u is divided by y?
13
Let r = -8 + 10. Suppose -4*y = i + 24, -4*i + r*y - 39 = -y. Let d = 21 + i. Calculate the remainder when d is divided by 3.
0
Suppose -54*t = -15096 - 5262. What is the remainder when t is divided by 27?
26
Suppose -70 = -4*h - 2*d + 40, 3*d - 49 = -2*h. What is the remainder when 650 is divided by h?
12
Let n be -2 - -3 - (-6 - -7). Suppose 5*s - 28 - 132 = n. Calculate the remainder when s is divided by 17.
15
Suppose 33*c - 420 - 4794 = 0. Calculate the remainder when c is divided by 41.
35
Let c = 41 - 14. Let k(u) = -u**3 - 4*u**2 - 2*u - 4. Let a be k(-3). Let n = 22 + a. Calculate the remainder when c is divided by n.
12
Calculate the remainder when (96/(-18) - -5)/((-9)/4563) is divided by 29.
24
Let q(t) = 2*t + 34. Let c(n) = n**3 - 2*n**2 + 2*n - 14. Let k be c(0). What is the remainder when 40 is divided by q(k)?
4
Let s be (33/(-12))/(2/(-8)). Suppose s*v = 7*v + 8. What is the remainder when (7/(-3))/((-5)/15) is divided by v?
1
Suppose 5*q - 519 = -4*m - 0*q, 4*q - 516 = -4*m. Calculate the remainder when m is divided by 44.
38
Suppose -2*z = -208 + 12. Let s = -2 + 27. What is the remainder when z is divided by s?
23
Suppose 49 = 25*t - 176. Let z = 2 + 2. Calculate the remainder when t is divided by z.
1
Let b(s) = 12*s + 28. Calculate the remainder when 185 is divided by b(1).
25
Suppose 0*k + 2*k - 60 = -3*o, 4*o + 2*k - 82 = 0. Let n = 51 - 47. Suppose 66*l = 67*l - n. What is the remainder when o is divided by l?
2
Suppose 7*w - 2*w = 175. Suppose 0 = -106*p + 114*p - 96. Calculate the remainder when w is divided by p.
11
Suppose 3*k = 5*k - 266. What is the remainder when k is divided by (-7 + 118/4)*2?
43
Let f be (2 - -5)*5/(-5). Let t = f + 20. Calculate the remainder when 24 is divided by t.
11
Suppose 8*z + 12 = 14*z. Suppose z*r - 41 = 3*l, 4*r + 0*r + l - 103 = 0. Calculate the remainder when 99 is divided by r.
24
What is the remainder when 230 is divided by 30 - 15 - 14 - 3*-27?
66
Let f = 26 - -11. Suppose f + 33 = -5*r. Let x = 19 + r. What is the remainder when 8 is divided by x?
3
Suppose a = 3*a - w + 91, 4*a + 179 = w. Calculate the remainder when 94 is divided by (19/(-4))/(11/a).
18
Suppose -n = 2*n. Suppose n*f = -5*f. Suppose 3*i + f*i = 66. What is the remainder when 65 is divided by i?
21
Let h be -1*(9 + -5) + 3 + -1. What is the remainder when (-1)/(1/h) - 202/(-1) is divided by 41?
40
Suppose 0*j - 60 = -5*j. Suppose 0 = -3*w - v + 6, -2*w + 5 = -v - 4. Suppose c + 0 + 3 = 0, -c + 240 = w*f. Calculate the remainder when f is divided by j.
9
Suppose 0 = a - 12 - 27. What is the remainder when 105 is divided by a?
27
Suppose 7*s + s + 24 = 0. Let k(d) = d**3 + 4*d**2 - d + 3. Calculate the remainder when 57 is divided by k(s).
12
Let a be ((-6)/(-4))/((-3)/6). Suppose -3*j - 2*j = -5*b - 140, 2*j = 4*b + 56. Let u = a + j. Calculate the remainder when u is divided by 13.
12
Suppose -1927 = -34*m + 19391. What is the remainder when m is divided by 18?
15
Let i = -117 - -197. Let j = 158 - i. Calculate the remainder when j is divided by 20.
18
Let j be (21/35)/(-1 + 11/10). What is the remainder when 125 is divided by (-20)/45*j*-6?
13
Let q be (-3)/(-1)*(-5)/15. What is the remainder when -2*q/1 - -100 is divided by (-31)/(-2) - 5/10?
12
What is the remainder when 2972 is divided by 4/((-36)/3) + 1166/33?
32
Suppose -222 = 3*l - 876. What is the remainder when l is divided by 45?
38
Suppose 5*c + 2*u = 1069, 12*c - 7*c = 4*u + 1057. What is the remainder when c is divided by 37?
28
Let q be (-22)/6 + 10/15. Let d be (q + (-9)/(-6))*14. Let j = -9 - d. What is the remainder when j is divided by 7?
5
Let f be (-3)/9 + (-88)/(-3). Suppose -t - 1 = 5*n - f, 2*t - 31 = -5*n. Let d = -91 - -110. What is the remainder when d is divided by n?
4
Suppose 3*i = 3*c + 39, -33*c + 29*c = 5*i - 65. Suppose 4*o - 198 = -a, -a - 102 = -3*o + o. Calculate the remainder when o is divided by i.
11
Let c(m) = m**2 + 3*m - 9. Let q be (-10)/(-70) + 100/(-14). Calculate the remainder when 93 is divided by c(q).
17
Suppose 4*h - 78 - 1 = 5*t, -h - t + 22 = 0. Calculate the remainder when 221 is divided by h.
11
Let i(g) = -2*g**3 - 2*g - 12. Let d(q) = -q**3 - q**2 - 1. Let k(f) = 6*d(f) - 2*i(f). What is the remainder